3*g - 137 = 0. Suppose -19*t = -m*t + 48228. Is t a composite number?
True
Suppose 2*x + 2*l = 0, 0 = 16*x - 14*x - 3*l. Suppose x = -4*p + p - 9, -2*r - p = -17155. Is r composite?
True
Let v = -27970 - -55633. Suppose 0 = 23*h - 391558 - v. Is h prime?
False
Suppose -4*v + 5*v - 421 = 5*c, -4*v + 1747 = c. Let a = 3707 - v. Is a composite?
False
Suppose -126016 - 93533 = -11*y. Is y prime?
False
Suppose 20*x - 8*x - 100812 = 0. Is 0/1 + (x - -2) composite?
True
Let j = 33 - 30. Suppose 0 = -5*h + j*l + 325, -2*h + 4*l + 49 = -81. Let d = 304 - h. Is d a prime number?
True
Suppose 0 = 42*g + 60 - 648. Suppose -g*c - 469 + 46935 = 0. Is c a composite number?
False
Suppose 15 = 3*d - 0*d. Let h(m) = m**2 - 4*m - 7. Let v be h(d). Let a(o) = -27*o**3 + o**2 + 5*o + 1. Is a(v) a composite number?
False
Let u be (-230)/3*(-6)/4. Let s be u/20 + (-3)/4. Suppose 1003 + 2837 = s*b + t, 0 = -t + 5. Is b prime?
False
Suppose -5*i + 589336 = 3*r, -2*i + 47805 = 2*r - 187927. Is i a prime number?
False
Suppose -2*l + 8 - 6 = 0. Suppose 2*s - 3 = 1. Is 2126/l + (-1 - s) a prime number?
False
Suppose -5*n - 5*t + 9*t = -40, 0 = 4*n - t - 21. Let l be 83/(n*(-2)/(-8)). Let h = 994 - l. Is h a composite number?
False
Is 1*(-1)/(-12)*2469398 + (-175)/1050 a prime number?
True
Suppose 25*u - 26*u + 2 = 0. Suppose n + 2 = -u*h, 0*h + 18 = 3*n - 2*h. Suppose -n*b + 518 = 2*c, -5*b + 334 = c - 306. Is b a prime number?
True
Let y(w) be the first derivative of 13*w**6/180 - w**5/30 + 7*w**4/24 + 8*w**3/3 + 16. Let c(q) be the third derivative of y(q). Is c(-4) a prime number?
True
Suppose 9*d + 1184035 - 13836298 = 0. Is d a prime number?
False
Let z = 35 + -31. Let s = 290 - 287. Suppose -3*l - s*y + 2682 = 0, -2*l + 6*y + 1768 = z*y. Is l a composite number?
True
Suppose 1752 = 4*n + 4*h, 2*n - 876 = -6*h + 2*h. Suppose 0 = -3*t + i - 18 - 11, 35 = -3*t + 4*i. Is -3 - t/(27/n) a prime number?
False
Is 155653/((2/(-14))/(6/(-42))) prime?
True
Let u = 150991 + -17786. Is u a prime number?
False
Suppose 0 = -2*u + 3*u + 2*w - 52, 5*u - 2*w = 236. Suppose f + 5*f = u. Suppose -102 = -10*k + f*k. Is k composite?
True
Let b(h) = -2*h**2 - 19*h - 25. Let s be b(-2). Is 11478/10 + (-4)/s a composite number?
True
Let f = -422036 - -884988. Is (f/168)/(1/3) composite?
True
Let o(w) = -6024*w - 319. Is o(-12) a composite number?
True
Let o(d) = -3*d + 33. Let a be o(10). Let m(w) = 23*w**3 - w - 5. Let t be m(a). Let f = t + 86. Is f a composite number?
True
Let m = 194 + -364. Let i = m - -6151. Is i a prime number?
True
Let s(o) = o**2 - 6*o + 5. Let a be s(5). Suppose 10*b - 22*b + 96 = a. Is (-1)/(-2)*(374 + b) prime?
True
Let b = 12630 + -8612. Suppose 0 = -89*l + 75*l + b. Is l a composite number?
True
Let x(i) = -5*i**2 - 1580*i + 19. Is x(-96) prime?
True
Is ((-2)/12)/((-5)/20)*228489 a prime number?
False
Suppose -3*o + 0 = -3. Suppose x + o = -5. Is 987/9 - x/(-9) prime?
True
Is (-4629)/6*1*(-6 + -4) prime?
False
Is (-37)/((-555)/5269800) - 17 a composite number?
True
Let r be 38180/69*(-366)/(-8). Suppose -21*m + 10070 + r = 0. Is m a composite number?
True
Suppose -2 - 3 = -5*h, 5*k + h = 888456. Is k composite?
False
Let k(a) = -a**3 - 8*a**2 + 5*a + 44. Let c be k(-8). Suppose c*v - 20 = 0, -15469 = -l - 2*l + 4*v. Is l a prime number?
False
Let t(y) = -11673*y - 260. Is t(-1) composite?
True
Is -189537*(-23)/(-759)*-11 composite?
False
Let w(k) = k**2 + 11*k - 8. Let r be w(4). Let p = r + -51. Is p*(99 + 8/(-4)) composite?
False
Suppose -36*d - 72 = -60*d. Suppose 8*i - 16973 = -m + d*i, 2*m - 33928 = -i. Is m a prime number?
True
Suppose 33*v - 7608028 = -12*x + 35*v, -4*x - 5*v = -2535964. Is x composite?
True
Let c(z) = -z**2 - 18*z - 40. Suppose 0 = 11*f + 84 + 92. Let x be c(f). Is ((-2)/(-6))/(x/(-9816)) prime?
True
Let w(p) = 17*p**2 - 5*p - 3. Let n = -19 - -14. Let x be (-1 + (-1)/n)*5. Is w(x) prime?
False
Suppose 3*k + 92933 = 5*h, 0 = -3*h - 391*k + 388*k + 55731. Is h a composite number?
False
Suppose -63*n + 443048 = -2748847. Is n a prime number?
False
Is (4/(-30))/1 + -4301*(-10164)/180 a composite number?
False
Let n(w) = -6022*w - 22. Let h be n(1). Let i = 11551 + h. Is i composite?
False
Suppose -33*r + 2*y = -36*r + 532983, 4*r + 5*y - 710630 = 0. Is r a composite number?
True
Let f = 51 + -84. Is (5/(15/(-2022)))/(6/f) prime?
False
Let x = -36 - -41. Let z(f) = -22 - 9 - f**3 - 3*f**2 - 17*f**2 + 25*f + x*f**2. Is z(-20) a prime number?
False
Suppose 0 = -5*t - 5*t + 160. Let u be (t/(-10))/(-8) - (-68)/10. Suppose -u*d + 11*d - 3676 = 0. Is d composite?
False
Let w = -3224 + 13080. Suppose 3*r = y - 2864, -3*y + r - 1272 + w = 0. Is y composite?
False
Suppose 4*w - m = 1761067, -27*m = -23*m - 36. Is w a composite number?
False
Let k(a) = 6400*a + 10579. Is k(55) composite?
True
Let i = 443439 - 276952. Is i composite?
False
Let i be 12/(-2)*((-65)/(-10) + -2). Let p be (-34 - i)*2/(-7). Is (6 - 4)/p + 1261 a composite number?
True
Suppose a - 156767 - 512169 = -j, j = -2*a + 668932. Suppose -37*f + 25*f = -j. Is f a composite number?
True
Suppose -3*g - i + 21 = 0, -5*g + 10*g + 2*i - 35 = 0. Let u = g + 3. Let b(o) = 134*o + 7. Is b(u) a prime number?
False
Let b be -3 - (-4 + 0 + 3 + -4). Suppose 0 = v + w - b - 7, 0 = 2*w - 10. Is 2743*(-2)/(v/(-2)) composite?
True
Let j(z) = 16*z - 204. Let h be j(13). Suppose 4*r - 73912 = -h*r. Is r prime?
True
Let l(t) be the first derivative of t**2/2 + 23*t + 48. Let r be l(-17). Is (-4798)/(-1 - 1)*r/6 composite?
False
Let s = -166 - -100. Is (-89870)/s + 2/(-3) a composite number?
False
Let m(d) = -317*d + 12. Suppose -6*n + 9*n = -9. Let i be m(n). Suppose 0 = -h + i - 110. Is h a prime number?
True
Let u be 285936/35 + (-2)/(-5). Let b = u - 5403. Is b a composite number?
False
Let t = 790430 + -1231. Is t a composite number?
True
Let y(a) = -3*a - 9. Let l be y(16). Let f be l/95 - 3536/(-10). Suppose t = -3*p + 1655, t + f + 196 = p. Is p composite?
True
Let o = 46 - 39. Suppose 3*i - 12 = o*i, -5*l - 4*i = 947. Let s = l - -278. Is s a prime number?
False
Suppose 2*u - 33 = -5*d, 5*d = 111*u - 108*u + 13. Suppose 9862 = 5*t - 3*w, u*t + 314 = -2*w + 8208. Is t prime?
True
Let v be 57*90/(-27)*(-6)/4. Let p = v + -82. Is p a composite number?
True
Suppose 3*b = 7*b - 8. Suppose 0 = -l + b*l - 5, h - 1517 = 4*l. Is h a prime number?
False
Suppose -4*c - 8 + 25 = -3*s, -25 = -5*s. Suppose -2*q + 16295 = x, 13*x = 2*q + c*x - 16289. Is q prime?
True
Suppose 0 = 3*h + 41*h - 1687928. Is h a composite number?
True
Let n = -2 + 5. Let i(g) be the third derivative of 11*g**4/6 - 13*g**3/6 - 272*g**2. Is i(n) a prime number?
False
Let z = 189994 + -134520. Is z prime?
False
Is 50867/4 + 46/(5888/160) composite?
True
Let o(j) = -10*j**3 - 9*j**2 + 11*j + 53. Suppose -56*p - 337 - 55 = 0. Is o(p) prime?
False
Let o = -205 - -447. Suppose -u = 2*h - 2556, -u + 3*h + 2309 + o = 0. Is u a prime number?
False
Let q(v) = 4*v**2 + 47*v + 136. Let b be q(-3). Suppose b*g - 12*g = 339587. Is g a composite number?
True
Let o = 152 - 151. Is -911*(1/o)/5*-5 composite?
False
Suppose -5*j + 5*y + 27864905 = 0, -4*j + 22291908 = -3*y + y. Is j a prime number?
False
Let g(q) = -1770*q**3 + 3*q**2 + 2*q + 3. Let x be g(-5). Let y = x + -129789. Suppose -16*p = 5145 - y. Is p a composite number?
False
Let z = 22927 - 584. Is z a prime number?
True
Let j = -46 - -43. Let f be (-12)/((-6)/3) - j/(-1). Suppose -f*a = -672 - 99. Is a a prime number?
True
Let t = -202 + 197. Is (2006/(-6))/(t/15) composite?
True
Suppose q + 608 = -3*z, z = -5*q + 3*z - 3057. Is (-8)/2 - (-6 + q) prime?
True
Suppose 4*c - 4*d = -6*d + 426370, -3*c - 3*d = -319782. Is c a composite number?
False
Is 31189472/72 + (-43)/387 composite?
False
Let k = 107 - 56. Let q = k + -50. Is (-2145 - 8)*((q - 1) + -1) a composite number?
False
Let l(c) = -745*c - 104. Let p be l(-2). Let b = -205 - -114. Let y = p - b. Is y prime?
False
Is (1635367/18 + (-2)/9)*2/3 prime?
False
Suppose g - 4*r - 164175 = 0, -2*g = 2*r - 9683 - 318617. Is g prime?
False
Let y be 0/(-2) + (36 - -686). Let f = y + -199. Is f a prime number?
True
Let v be 4/6 - (-170404)/12. Suppose 3*x - 4003 = b + 6656, 0 = -4*x + 5*b + v. Suppose -k + 6*i + 1777 = 2*i, 0 = 2*k + 